 208*a**2 + 4256*a - 833. Determine o(185).
-648
Let y(a) = 2*a**3 + 26*a**2 + 119*a + 2677. Calculate y(-15).
-8
Let i(u) = 4*u**2 + 72*u + 842. Calculate i(-23).
1302
Let q(a) = -a**3 - 12*a**2 + 297*a + 387. What is q(14)?
-551
Let w(b) = 2*b**3 + 60*b**2 + 124*b - 207. What is w(-3)?
-93
Let o(u) = 36922*u + 103. Calculate o(0).
103
Let n(p) = -2775013*p + 16650080. What is n(6)?
2
Let j(f) = -51382*f - 513952. Calculate j(-10).
-132
Let d(x) = -x**2 + 402*x + 41274. What is d(-92)?
-4174
Let y(s) = 292*s**2 - 590*s + 8. What is y(2)?
-4
Let i(n) = 16*n**2 - 196*n - 127. Give i(13).
29
Let n(b) = 5*b + 450. Determine n(-61).
145
Let z(y) = -12*y**3 - 1188*y**2 + 7*y + 717. Determine z(-99).
24
Let k(x) = 5514*x - 55140. Calculate k(10).
0
Let h(t) = 75*t**2 + 156*t + 746. Calculate h(-5).
1841
Let v(p) = -2*p**3 + 11*p**2 - 296*p - 1439. Give v(-4).
49
Let y(u) = 126*u**2 + 147*u - 4. Give y(-1).
-25
Let f(k) = k**2 - 256*k + 1254. What is f(5)?
-1
Let y(s) = s**3 + 34*s**2 - 105*s + 1480. What is y(-38)?
-306
Let n(t) = -96*t - 2692. What is n(0)?
-2692
Let y(i) = 133*i**2 - 3696*i - 86. What is y(28)?
698
Let g(z) = 2*z**2 + 123*z - 23123. What is g(81)?
-38
Let m(f) = -981*f**2 + 8830*f - 381. Calculate m(9).
-372
Let u(i) = -2*i**3 - 834*i**2 - 74*i - 31092. Calculate u(-417).
-234
Let d(l) = 2*l**2 - 33218*l - 532000. Calculate d(-16).
0
Let c(g) = 8*g**2 - 148451*g + 148455. What is c(1)?
12
Let a(g) = -155*g + 1347. Calculate a(10).
-203
Let l(j) = j**3 - 6*j**2 + 211*j - 634. Give l(3).
-28
Let u(r) = -r**3 + 96*r**2 - 539*r - 132. Calculate u(90).
-42
Let r(c) = 128*c - 11093. Calculate r(86).
-85
Let q(t) = -t**3 - 28*t**2 - 185*t - 20. Give q(-18).
70
Let h(p) = 16*p**3 + 11*p**2 - 14*p - 14. Determine h(-1).
-5
Let l(a) = 2*a**3 - 169*a**2 - 40*a + 10442. Give l(84).
26
Let j(g) = 2*g**2 + 3663*g + 263509. Determine j(-75).
34
Let m(o) = o**2 + 154*o - 3406. Give m(-174).
74
Let u(a) = -179044*a - 6266548. Calculate u(-35).
-8
Let z(h) = 17*h**2 + 830*h + 8977. Give z(-16).
49
Let o(y) = 1265*y - 28801. What is o(23)?
294
Let t(b) = -b**2 + 8944*b + 26844. Give t(-3).
3
Let p(d) = d**2 - 37005*d - 1593035. What is p(-43)?
29
Let b(m) = 4172*m + 62641. Give b(-15).
61
Let x(i) = 936*i + 65290. What is x(-68)?
1642
Let v(b) = 122*b**2 + 1345*b + 101. Determine v(-11).
68
Let l(p) = 2832*p + 28556. Calculate l(-10).
236
Let o(f) = 11*f**2 - 7*f + 271. Give o(0).
271
Let c(y) = -994*y - 17262. Calculate c(-17).
-364
Let q(j) = -6*j**3 + 838*j**2 - 2196*j + 577. What is q(137)?
29
Let y(d) = -7726*d - 15421. Calculate y(-2).
31
Let m(g) = -2188*g + 4305. Determine m(2).
-71
Let z(t) = 892*t - 7166. Calculate z(8).
-30
Let c(b) = -2*b**2 - 1260082*b + 8820667. Calculate c(7).
-5
Let q(h) = h**2 - 53*h + 146. What is q(59)?
500
Let t(x) = -17126*x + 53981151. Give t(3152).
-1
Let y(h) = h**3 - 59*h**2 + 81*h + 1997. Give y(57).
116
Let l(d) = -d**3 - 179*d**2 + 920*d - 16. Calculate l(-184).
-16
Let p(o) = o**3 + 630*o**2 - 1899*o + 11. Give p(-633).
11
Let k(x) = -x**3 - 23*x**2 + 2377*x + 60272. Calculate k(-26).
498
Let p(y) = y**3 - 27*y**2 + 4788*y - 103106. Calculate p(22).
-190
Let d(f) = -147*f**2 + 2765*f + 422. Give d(19).
-110
Let g(z) = 3*z**2 - 48*z - 240. Determine g(-7).
243
Let z(c) = 82467*c - 8081805. Calculate z(98).
-39
Let z(c) = c**3 + 6*c**2 - 124*c - 879. Give z(-10).
-39
Let b(l) = -l**3 - 341*l**2 + 4981*l + 3907. Determine b(-355).
2
Let k(b) = -197*b + 13901. Give k(70).
111
Let n(y) = 2*y**3 + 64*y**2 - 863*y - 4850. Give n(-41).
275
Let d(i) = i**2 + 199*i - 46985. Calculate d(139).
-3
Let i(s) = -s**2 - 1079*s - 138557. Give i(-149).
13
Let p(v) = 1598*v**2 + 174180*v - 157. What is p(-109)?
61
Let j(o) = -3*o**3 - 424*o**2 + 2040*o - 127. Determine j(-146).
457
Let d(j) = 2285*j**3 - 438*j**2 - 3*j + 2. What is d(1)?
1846
Let u(v) = -v**3 - 329*v**2 - 1087*v - 285. Determine u(-3).
42
Let q(y) = -11*y**2 - 901*y - 3619. What is q(-4)?
-191
Let c(k) = -172*k**3 - 35432*k**2 - 2*k - 426. Calculate c(-206).
-14
Let a(h) = 11399*h**2 - 319169*h - 82. What is a(28)?
2
Let q(x) = 6*x**3 + 4*x**2 + 57*x + 273. Give q(-5).
-662
Let x(z) = -2*z**2 + 4953*z + 44612. Give x(-9).
-127
Let f(b) = -12078991*b - 60394946. Determine f(-5).
9
Let b(w) = -23924*w + 1435443. Give b(60).
3
Let d(y) = 2465*y - 145365. What is d(59)?
70
Let u(r) = -r**2 - 396*r - 8172. Determine u(-22).
56
Let u(o) = -o**3 - 473*o**2 + 6802*o - 7750. Determine u(-487).
42
Let s(b) = -50435*b + 11549611. What is s(229)?
-4
Let w(u) = -7477*u - 246725. Determine w(-33).
16
Let x(i) = -i**2 + 240*i + 2016. Give x(-13).
-1273
Let h(a) = 230*a**2 - 1377*a - 1. Calculate h(6).
17
Let d(m) = -10*m**3 - 12*m**2 + 11*m + 97. What is d(-5)?
992
Let t(j) = 47*j**3 + 1085*j**2 + 84*j - 234. Give t(-23).
-50
Let k(j) = -14252*j + 228068. Determine k(16).
36
Let o(q) = -6478*q + 3535. Determine o(1).
-2943
Let i(v) = 398*v**2 - 3123*v - 3110. What is i(-1)?
411
Let h(z) = -z**2 + 17943*z - 107655. What is h(6)?
-33
Let r(p) = 2*p**2 - 10105*p - 6434426. Calculate r(-572).
2
Let i(h) = 42934*h - 1932035. Determine i(45).
-5
Let j(n) = -11*n**2 + 765*n - 4209. Determine j(6).
-15
Let b(k) = 3*k**3 - 198*k**2 + 180*k + 990. Give b(65).
15
Let t(p) = -3*p**2 + 36611*p + 146449. Calculate t(-4).
-43
Let l(x) = -x**3 + 115*x**2 + 842*x + 17487. What is l(123)?
21
Let i(s) = -71*s + 78. Determine i(-15).
1143
Let l(m) = -m**2 - 592*m - 55952. Give l(-118).
-20
Let p(y) = 2*y**3 - 167*y**2 + 82*y + 83. Calculate p(83).
0
Let t(j) = -j**3 - 13*j**2 + 1929*j + 21451. Determine t(-11).
-10
Let t(u) = 42*u**3 + 1088*u**2 - 121*u - 424. Determine t(-26).
18
Let l(o) = 5*o - 537. Calculate l(102).
-27
Let f(g) = -4*g**2 - 4538*g + 719387. What is f(141)?
5
Let b(u) = 160932*u + 321859. Give b(-2).
-5
Let s(y) = -y**2 + 176*y + 54572. Determine s(-162).
-184
Let v(i) = -5*i**3 - 231*i**2 - 62*i - 203. Calculate v(-46).
533
Let s(p) = -3*p**2 - 270*p + 15591. Give s(-133).
-1566
Let h(a) = -12*a**3 - 3*a**2 - 1047*a + 5340. Calculate h(5).
-1470
Let m(o) = -5*o**2 + 165*o - 890. Give m(7).
20
Let v(f) = f**3 - 121*f**2 + 251*f - 1390. Determine v(119).
157
Let x(q) = -7*q**3 + 209*q**2 + 21*q + 116. What is x(30)?
-154
Let s(r) = 27315*r + 3305124. Determine s(-121).
9
Let a(r) = -r**3 - 49*r**2 + 30*r - 369. Give a(-49).
-1839
Let c(v) = -32151*v + 321340. Calculate c(10).
-170
Let b(z) = 122*z**2 + 1228*z + 210. Determine b(-10).
130
Let z(f) = 9*f**3 + 87*f**2 + 6*f + 19. Give z(-9).
451
Let n(o) = -635505*o - 2542018. Give n(-4).
2
Let t(v) = v**2 + 8027749*v - 32111006. Calculate t(4).
6
Let j(q) = -q**2 - 37*q + 119. Determine j(3).
-1
Let a(v) = -452*v - 6841. What is a(-15)?
-61
Let j(o) = -412*o - 39232. Calculate j(-95).
-92
Let y(b) = -b**3 - 689*b**2 + 2781*b - 59. Determine y(4).
-23
Let l(z) = 2*z**3 + 932*z**2 - 939*z - 2338. Calculate l(-467).
-3
Let r(v) = -46853*v + 6418865. Give r(137).
4
Let f(c) = -c**3 - 22*c**2 - 147*c - 1367. Give f(-18).
-17
Let w(n) = n**3 + 612*n**2 + 1221*n - 4. Calculate w(-2).
-6
Let h(g) = -3400*g - 221003. Give h(-65).
-3
Let k(f) = 1228*f + 4021. Calculate k(-3).
337
Let j(r) = 3*r**2 + 1174*r + 48824. Give j(-344).
-24
Let s(f) = -521*f**2 - 568*f + 569. Give s(1).
-520
Let r(t) = 14746*t**2 + 398121*t - 571. Calculate r(-27).
-4
Let o(s) = -s**3 + 80*s**2 - 3266*s + 261284. Determine o(80).
4
Let t(g) = -g**3 + 9*g**2 + 136*g + 10. Calculate t(-8).
10
Let l(n) = -3*n**2 - 4058*n - 40672. Determine l(-10).
-392
Let z(w) = -w**3 - 24*w**2 + 1140*w + 27885. Calculate z(-25).
10
Let k(s) = 38*s**2 + 1644*s + 11425. What is k(-7)?
1779
Let r(l) = l**3 - 17*l**2 + 10*l - 71. What is r(7)?
-491
Let g(t) = 132*t**2 - 1692*t + 154. Determine g(13).
466
Let j(r) = -5778*r + 52477. Determine j(9).
475
Let x(r) = -r**3 + 11*r**2 - 32*r - 134. What is x(4)?
-150
Let w(g) = g**2 + 104573*g - 2928823. What is w(28)?
5
Let n(q) = -q**3 - 162*q**2 + 17*q + 28658. What is n(-161)?
0
Let s(i) = 92*i**2 + 447*i - 596. Give s(-6).
34
Let z(j) = 6*j**3 - 933*j**2 - 472*j + 613. Give z(156).
-11
Let j(v) = v**3 + 161*v**2 + 4508*v + 666210. Determine j(-159).
0
Let m(d) = -20943*d - 4000117. Give m(-191).
-4
Let l(u) = 928*u**3 - 15*u**2